 w(-8).
2, 7
Let q(f) = f**3 - f**2 - 2*f + 2. What are the prime factors of q(2)?
2
List the prime factors of 3/2 - (-81)/2.
2, 3, 7
Let a = 10 + -7. Suppose 14 = 4*g - a*g. What are the prime factors of g?
2, 7
Suppose 3*j = 109 + 2. What are the prime factors of j?
37
Let z(m) = -m**3 + 6*m**2 + 3*m - 10. What are the prime factors of z(3)?
2, 13
Let q = 12 - -31. What are the prime factors of q?
43
Suppose -16 = -3*q - 3*x - x, -2*q - 3*x = -12. Suppose 3*k - w = 23, -3*w + 21 = k - q*k. What are the prime factors of k?
3
Suppose 186 = t - 3*i, -712 = -8*t + 4*t - 4*i. List the prime factors of t.
2, 3, 5
Suppose -5*f - 2*v = -168, 4*f + 2*v = 3*f + 40. Let j = -4 + f. What are the prime factors of j?
2, 7
Let q(z) = -z**3 + 4*z**2 + z - 1. Let l be q(4). Let v(j) = 2*j**3 + 4*j - 3. Let i be v(l). Suppose 7*o = 4*o + i. List the prime factors of o.
3, 7
Let n = -3 - -10. Let x = n + 1. Suppose 3*h - x = 1. What are the prime factors of h?
3
Let a(k) = -9 + 8*k + 5*k**2 - 5*k**2 + 3 - k**2. What are the prime factors of a(6)?
2, 3
Suppose f = -c + 7 + 7, 4*c = -f + 50. List the prime factors of (4/c)/((-1)/(-123)).
41
Let v be (16/6)/((-4)/(-6)). Suppose 10 = d + v*d. Suppose -3*g + 13 + d = 0. What are the prime factors of g?
5
List the prime factors of 25/((-3 - -2)/(-1)).
5
Let r = 4 - 1. Let n be -1*(r/(-3) - -1). Suppose n*q = 2*q - 12. What are the prime factors of q?
2, 3
Let m(k) = -k**3 - 6*k**2 + 6*k - 1. Let y be m(-7). Let b = 12 - y. List the prime factors of b.
2, 3
Suppose 0 = -n + 2*d + 3, -2*d = -2*n + 20 - 4. Suppose n = -0*o + o. List the prime factors of o.
13
Suppose -3*q - 1 + 10 = 0. Suppose -k - q = -0*k. Let t = -1 - k. List the prime factors of t.
2
Suppose 194 = -6*v + 2258. List the prime factors of v.
2, 43
Suppose -g + 2*u - 7 = 0, 0 = -g + u - 2 - 2. Let z be (1 + g)*1 - -3. Suppose 0 = 2*y + z*y - 35. List the prime factors of y.
7
Let x be (-12)/(-7)*14/4. What are the prime factors of (x + -4 - -9) + -3?
2
Let l(j) = -36*j + 0 + 0 - 1. Let u be l(-1). Let f = -25 + u. What are the prime factors of f?
2, 5
Let n(p) = -p**2 + 6*p. Let o be n(6). Let k(s) = s**2 + s + 4. Let g be k(o). Suppose 3*r = -z + 55 + g, 5*r - 75 = 3*z. What are the prime factors of r?
2, 3
Let t be 80/14 - (-10)/35. Suppose 56 = -t*b + 10*b. What are the prime factors of b?
2, 7
Suppose 2*i - 8 = -q - 2*q, -5*i + 11 = 3*q. Suppose -q*l - 1 = -5. Let w = 0 + l. List the prime factors of w.
2
Suppose -4*t + 2*t + 94 = -2*s, 2*t + 3*s = 74. List the prime factors of t.
43
Let x(z) be the third derivative of -z**4/12 - 7*z**3/6 - 3*z**2. List the prime factors of x(-7).
7
Suppose 0 = 3*x + 3*v + 27, x + x = -5*v - 15. What are the prime factors of x/(-25) + 116/10?
2, 3
Let p = -4 - -11. Suppose -p = -3*u + 2. Suppose -5*c = -3*b + 15, -4*b + u*b + 2*c = -5. What are the prime factors of b?
5
Suppose b + 3 = 0, 0 = o + 4*o - 5*b - 30. Let u = -2 + 4. Suppose -4*s + 4*v + 12 = -0*v, 0 = u*s - o*v - 7. List the prime factors of s.
2
Let x(m) = 6*m**2 + 2*m + 1. Let b be x(-1). Suppose -b = 4*h + h. What are the prime factors of (-1)/((-2)/((-36)/h))?
2, 3
Suppose -354 = -3*t - 57. What are the prime factors of t?
3, 11
Let o = 24 - -79. List the prime factors of o.
103
Let n(i) = i**2 - 4*i - 4. Let g be n(6). Let a(q) = 4*q**2 - 5*q**2 - 3*q**2 + 9*q - 5 + q**3 - 5*q**2. What are the prime factors of a(g)?
3
Let s(f) = 8 + f + 9*f + 1 - 2*f. Let n(b) = 4*b + 5. Let z(k) = -11*n(k) + 6*s(k). What are the prime factors of z(1)?
3
Suppose 4*c + 5*p - 206 = 0, -p - 4 = -3*p. What are the prime factors of c?
7
Let n(m) = -m**2 + m + 139. List the prime factors of n(0).
139
Let a(f) = 2*f - 3. Suppose 0 = 3*b - 1 - 5. Suppose k = 1 + b. List the prime factors of a(k).
3
Let r(a) = a**3 - a**2 - 3*a + 4. Let k be r(-3). Let i = -10 - k. What are the prime factors of i?
13
Let m = -4 + 6. Suppose -m*z + 24 = -0*z. List the prime factors of z.
2, 3
Let q(f) be the third derivative of f**5/30 - f**4/3 + 7*f**3/6 + 2*f**2. List the prime factors of q(5).
17
Let p be -4*1*2/4. What are the prime factors of p/(-9)*-21*-9?
2, 3, 7
List the prime factors of 6/((-10)/3 - -4).
3
Suppose -x + 20 = -6*x. What are the prime factors of x/6 + (-20)/(-3)?
2, 3
Suppose -3*q + 6*q - 270 = 0. What are the prime factors of q?
2, 3, 5
Suppose 0 = 6*l - l - 750. What are the prime factors of l?
2, 3, 5
Suppose -117 = -4*x + 6*v - v, -2*x + v = -63. List the prime factors of x.
3, 11
Let z = -9 - -28. List the prime factors of z.
19
Suppose -n = -2*p + 42, -n - 4*n - 20 = 0. Let x(d) = 0*d - d + p + 2. List the prime factors of x(11).
2, 5
Let q(k) = k - 6. Let f be q(6). Suppose f = -4*n + 83 + 41. What are the prime factors of n?
31
What are the prime factors of ((-342)/(-15))/(2 - (-17)/(-10))?
2, 19
Let h(t) be the second derivative of t**4/12 - t**2/2 + 2*t. Let f = -4 + 8. List the prime factors of h(f).
3, 5
Let p(k) = -10*k. Let t be p(-1). What are the prime factors of (-2)/t + (-364)/(-20)?
2, 3
Let m(q) = -q**3 + 4*q**2 + 2*q**2 + q + 3*q**3. Let f be m(-6). What are the prime factors of f/(-12) - (-1)/(-2)?
2, 3
List the prime factors of 16/(-40) + (-82)/(-5).
2
Let b = -10 - 1. Let t = b + 19. Suppose 0 = -4*k + t, 5*u + 0*k - 33 = -4*k. What are the prime factors of u?
5
Let j = 12 + -10. Suppose j*l + l + 28 = d, l - 16 = -d. What are the prime factors of d?
19
What are the prime factors of -3 + (-38)/(-12) + 21290/60?
5, 71
Let y be (-2)/7 + 23/7. List the prime factors of (-3 - 0) + 10 + y.
2, 5
Let y(n) = -n**3 + n - 2. Let k be y(-2). Suppose w + 0*x - k*x = -4, 2*w - 2*x - 10 = 0. List the prime factors of w.
2
Suppose 72 = 4*a - 28. Suppose 0 = -5*i + 115 - a. What are the prime factors of i?
2, 3
Suppose 0 = 5*f + 32 - 107. Let u = f - -13. List the prime factors of u.
2, 7
List the prime factors of (-554)/(-22) - (-4)/(-22).
5
Let i be (1 - 4/1) + 1. Let r(o) = o**2 + 7*o - 43. Let h be r(-11). List the prime factors of ((-1)/h - -17) + i.
2, 7
Suppose -8*y = -3*y - 75. What are the prime factors of y?
3, 5
Suppose 4*f + 20 = 0, -4*f - f - 47 = 2*t. Let w be -1*(-3 - 1) - -14. Let a = w + t. What are the prime factors of a?
7
Suppose -3*s - 11 = -0*w + 2*w, 4*w = 4*s - 12. What are the prime factors of 22 + 0/s - -2?
2, 3
Let w be 10/(-15) - (-2)/3. Let r be (3/3 - w) + 21. Suppose 5*y + 3*i - 5 = r, 0 = -i + 4. What are the prime factors of y?
3
Let k(b) = b**3 + 17*b**2 + 20. What are the prime factors of k(-17)?
2, 5
Let h = -3 - -7. Suppose h*t - 140 = -4. List the prime factors of t.
2, 17
List the prime factors of (-4)/(-12) - (-6492)/18.
19
Let k be (0 + -1)/((-2)/6). Suppose -k - 9 = -3*s. Let p = s - 0. List the prime factors of p.
2
Let l(i) = i**3 - i + 1. Let j(w) = -5*w**3 + 4*w**2 + 3*w - 12. Let f(b) = j(b) + 6*l(b). Let g be f(-4). List the prime factors of (-2)/3 + 40/g.
2, 3
Let n(c) = c**2 - 2*c - 3. Let t = 43 - 28. Suppose -5*j = -2*g - t, 8 = -4*g + 5*j + 3. What are the prime factors of n(g)?
2, 3
Let o(b) = b + 5. Let g be o(5). Let x be g - (-1 - 0)*0. Suppose 2*w - 8 = x. What are the prime factors of w?
3
Suppose -5*x = -3*k - 34, k = 4*x - 0*k - 23. What are the prime factors of x?
5
Let u(z) be the first derivative of -z**2/2 + 4*z - 1. Let q be u(4). Suppose q = 5*c - 3*s - 20, 2*c + s + 8 = 4*c. List the prime factors of c.
2
Let v = -6 - -9. Suppose -7*u + 92 = -v*u. Suppose l - u = -3*j + 6*j, 3*l - j = 45. List the prime factors of l.
2, 7
Suppose d - 483 = -4*z, 2*z + 3*z - 588 = 4*d. List the prime factors of z.
2, 3, 5
Suppose -123 = 19*a - 22*a. What are the prime factors of a?
41
Let k be (-38)/(-14) - 12/(-42). Suppose c = -k*c + 5*j + 137, 0 = 2*c + 3*j - 63. List the prime factors of c.
3, 11
Let m = 56 + -19. What are the prime factors of m?
37
Suppose 2*f + t + 7 = 28, -2*f + 36 = 4*t. List the prime factors of f.
2
Suppose 6*d - 48 = 4*d. List the prime factors of d.
2, 3
Let l(s) = -s**2 + 7*s - 4. Suppose -4*u = 2*r - 14 + 4, 2*r = 3*u + 10. What are the prime factors of l(r)?
2, 3
Suppose -r - 4*r = 20. Let c(t) = -t - 2. Let l be c(r). What are the prime factors of (-3)/l + 45/10?
3
Suppose 0 = 4*b + 25 - 213. Let g = b - 12. What are the prime factors of g?
5, 7
Let u = 18 - 15. Suppose -71 